{"id":143,"date":"2017-04-18T17:08:32","date_gmt":"2017-04-18T17:08:32","guid":{"rendered":"http:\/\/www.fictor.fi\/wordpress\/?page_id=143"},"modified":"2017-04-24T20:59:34","modified_gmt":"2017-04-24T17:59:34","slug":"tuotteet-2","status":"publish","type":"page","link":"https:\/\/www.fictor.fi\/wordpress\/?page_id=143&lang=fi","title":{"rendered":"Tuotteet"},"content":{"rendered":"<p>Tarjoamme kattavat palvelut ja tuotteet digitaaliseen kuvanvalmistukseen. Valikoimastamme l\u00f6ytyy ratkaisuja niin koulukuvien, ammattikuvien kuin harrastekuvienkin valmistukseen ja ty\u00f6nkulkuun. P\u00e4\u00e4tuotteemme ovat Polielettronica tulostimet, jotka ovat parasta mit\u00e4 markkinoilla on tarjolla &#8211; siit\u00e4 osoituksena useina vuosina voitot DIMA Digital Printer shoot-out\u2019issa.<\/p>\n","protected":false},"excerpt":{"rendered":"<p>Tarjoamme kattavat palvelut ja tuotteet digitaaliseen kuvanvalmistukseen. Valikoimastamme l\u00f6ytyy ratkaisuja niin koulukuvien, ammattikuvien kuin harrastekuvienkin valmistukseen ja ty\u00f6nkulkuun. P\u00e4\u00e4tuotteemme ovat Polielettronica tulostimet, jotka ovat parasta mit\u00e4 markkinoilla on tarjolla &#8211; siit\u00e4 osoituksena useina vuosina voitot DIMA Digital Printer shoot-out\u2019issa.<\/p>\n","protected":false},"author":1,"featured_media":0,"parent":0,"menu_order":0,"comment_status":"closed","ping_status":"closed","template":"","meta":{"footnotes":""},"class_list":["post-143","page","type-page","status-publish","hentry"],"_links":{"self":[{"href":"https:\/\/www.fictor.fi\/wordpress\/index.php?rest_route=\/wp\/v2\/pages\/143","targetHints":{"allow":["GET"]}}],"collection":[{"href":"https:\/\/www.fictor.fi\/wordpress\/index.php?rest_route=\/wp\/v2\/pages"}],"about":[{"href":"https:\/\/www.fictor.fi\/wordpress\/index.php?rest_route=\/wp\/v2\/types\/page"}],"author":[{"embeddable":true,"href":"https:\/\/www.fictor.fi\/wordpress\/index.php?rest_route=\/wp\/v2\/users\/1"}],"replies":[{"embeddable":true,"href":"https:\/\/www.fictor.fi\/wordpress\/index.php?rest_route=%2Fwp%2Fv2%2Fcomments&post=143"}],"version-history":[{"count":3,"href":"https:\/\/www.fictor.fi\/wordpress\/index.php?rest_route=\/wp\/v2\/pages\/143\/revisions"}],"predecessor-version":[{"id":187,"href":"https:\/\/www.fictor.fi\/wordpress\/index.php?rest_route=\/wp\/v2\/pages\/143\/revisions\/187"}],"wp:attachment":[{"href":"https:\/\/www.fictor.fi\/wordpress\/index.php?rest_route=%2Fwp%2Fv2%2Fmedia&parent=143"}],"curies":[{"name":"wp","href":"https:\/\/api.w.org\/{rel}","templated":true}]}}